prime factors of n(-2)?
11, 13
Suppose -1 = -3*y - 49. Let x(c) = c**3 + 19*c**2 + 39*c + 9. List the prime factors of x(y).
3, 17
Let j(a) = -257*a**2 + a + 2. Let y be j(-1). Let h be 5/((-20)/y) - 0. Let r = h + -34. What are the prime factors of r?
2, 3, 5
Let j(p) = -118*p + 19. Let q be j(-3). Let s = 558 - q. List the prime factors of s.
5, 37
Let s = -28 - -31. Suppose 5*n - 73 = -2*v, 0*n = -s*v + 4*n + 121. What are the prime factors of v?
3, 13
Let l(w) be the first derivative of -w**2 + 15*w - 17. List the prime factors of l(-9).
3, 11
Suppose -d = 3*h + 32, 0*h = -2*h + 2*d - 32. Let q be (-9)/4*h/9. Suppose -q*a = a - 40. List the prime factors of a.
2, 5
Let g(z) = 22*z**2 - z - 2. Let f be g(2). Let h be -7*f/(0 + -4). Suppose 2*j = -r + 84, -2*j + h = -2*r + 51. What are the prime factors of j?
2, 11
Suppose r + 2*s = -0*s - 690, 4*r - 4*s + 2736 = 0. List the prime factors of (-120)/(-96) - r/8.
3, 29
Suppose -15948 = -32*h + 14*h. List the prime factors of h.
2, 443
Suppose 0 = -5*x + 52 + 33. Let i = -14 + x. Suppose 3*z - h = 49, -2*z + 5*h + 8 + i = 0. What are the prime factors of z?
2, 3
Suppose 27*k - 26*k = 3335. What are the prime factors of k?
5, 23, 29
Let s(i) = 3*i**2 + 3*i + 35. List the prime factors of s(-12).
431
Let y = -10 + 25. Suppose 0 = -h + 6*h - y. Suppose h*t + 238 = 10*t. List the prime factors of t.
2, 17
Suppose 5575 = -5*a + 3*i, -5*a + 6*i - 5565 = i. List the prime factors of a/(-6) - (-2)/(-6).
2, 3, 31
Suppose 3*m = 2*d - 19, 4*m + m = -3*d - 19. What are the prime factors of d + -4 + 12/2 + 1?
5
Let r(v) = -v**2 - 4*v. Let n be r(-6). Let q be (4/6)/(2/15). Let b = q - n. What are the prime factors of b?
17
Let t(v) = -21*v**3 + v + 1. Let l be t(-1). Suppose s - 3 + 6 = -q, -3*s + 3*q = -l. Suppose 4*y - s*g - 23 = 7, -3*y = 3*g - 9. List the prime factors of y.
2, 3
Let a be 1/(-5) - (-204)/20. Let h = -6 + a. Suppose -154 = -0*m - 4*m + 3*z, -2*z = h. What are the prime factors of m?
37
Let g(v) = 16*v**2 - 16*v**2 + 1 - 4*v**3 - 2*v - 4*v**3. Let j be g(-2). Suppose -4*o + 71 = -j. What are the prime factors of o?
5, 7
Let r(j) be the second derivative of j**3/6 + 4*j. Let b be r(5). Suppose -124 = -5*t - 0*t - h, -b*h = 4*t - 116. What are the prime factors of t?
2, 3
Let l(a) = 6*a - 37. Let z be l(12). Suppose z*j = 40*j - 1595. List the prime factors of j.
11, 29
Let z = 0 - -6. Let v(t) = t + 1. Let u(m) = m**2 - 4*m - 6. Let y(i) = z*v(i) + 2*u(i). List the prime factors of y(-3).
2, 3
Let b(n) = 8 + 9*n + n**2 - 7*n + 1. List the prime factors of b(5).
2, 11
Let g be 1/((12/(-21))/(-4)). Suppose -g = 5*w - 207. Suppose 0 = -v - 4*v + w. List the prime factors of v.
2
Let o(z) = -22*z - 256. Let s(n) = 11*n + 128. Let y(d) = 6*o(d) + 13*s(d). What are the prime factors of y(0)?
2
Let t = -784 + 784. Suppose i - 4*f = 7, 0*i + 3*f = -5*i + 127. Suppose 2*s - 5*v - i = t, -4*s - 5*v + 56 + 5 = 0. List the prime factors of s.
2, 7
What are the prime factors of 4 + (-6 + -3 - -4 - -985)?
2, 3, 41
Let q(a) = -a**3 - 2*a - 7. Suppose -16 - 3 = 5*i - v, 14 = -2*i + 2*v. List the prime factors of q(i).
2, 13
Suppose 4*z = 5*o + 1984, 12*z = 7*z - o + 2509. List the prime factors of z.
3, 167
Let n(y) = -y - 4. Let s be n(0). What are the prime factors of 4/((-84)/(-20) + s)?
2, 5
Let q(x) = -53*x - 277. List the prime factors of q(-23).
2, 3, 157
Let d be (-3514)/54 - 216/(-2916). Let p(r) = -9*r + 2. Let m be p(4). Let b = m - d. List the prime factors of b.
31
Let a(r) = -3*r + 16. Let p be a(5). List the prime factors of p + (-2 - (-3 + -1)).
3
Let c = -16 + 20. Suppose -p + 149 - 31 = 3*s, c*p - 112 = -3*s. Suppose 0 = 5*g - 2*r - r - 70, 5*g = -3*r + s. What are the prime factors of g?
11
Let u(x) = -x**3 - 16*x**2 + x + 8. Let k be u(-16). What are the prime factors of -6*(9/6)/(-3) - k?
11
List the prime factors of 3897/(-6)*(28/21 + -2).
433
Suppose -4*h + 2*v + 246 = 0, -3*h - 5*v + 197 = -9*v. Let d be (17/3)/((-4)/12). Let n = h + d. What are the prime factors of n?
2, 3, 7
Let l = -389 - -1114. What are the prime factors of l?
5, 29
Suppose 0 = 2*q - 0*q + 3*n - 189, 2*q - 179 = -n. Suppose -b = -3*b - 5*x + q, -3 = -x. List the prime factors of b.
2, 3
List the prime factors of 6/33 - 57249/(-33).
5, 347
Let i = 3197 + -2262. Suppose -5*j - 2*l + i = 0, -4*j + 415 = 4*l - 321. List the prime factors of j.
3, 7
Let x(w) = w**2 - 5*w - 9. Let j(m) = -2*m + 15. Let r be j(4). Let l be x(r). Suppose 0 = -l*q - 43 + 188. What are the prime factors of q?
29
Let t = 3 + 2. Suppose t*c = -p + 205, -2*c + 5*c - 3*p - 141 = 0. List the prime factors of c.
2, 3, 7
Let t = -30 + 30. Suppose t = -4*f - 5*n + 40 + 115, -5*f = 2*n - 181. List the prime factors of f.
5, 7
Suppose -45*u + 46*u - 12 = 0. What are the prime factors of (6 - 10)*(-15)/u?
5
Let d be 10/2*(-108)/(-20). Suppose -3*k + 33 = -d. Suppose -10*s + 5*s = -k. List the prime factors of s.
2
Let r = 23 - -83. Let v = 184 - r. What are the prime factors of v?
2, 3, 13
Suppose -12*c = 42 - 6. What are the prime factors of -2 + 3 - 255/c?
2, 43
Let t(d) = 3024*d**2 + 33*d - 32. List the prime factors of t(1).
5, 11
Suppose 13*l = 18*l - 1240. What are the prime factors of l?
2, 31
Suppose 0 = -0*m - 26*m + 34944. List the prime factors of m.
2, 3, 7
Let d(k) = -k**3 + 48*k**2 - 46*k - 177. What are the prime factors of d(46)?
7, 277
Let s = -4 + 7. Suppose s*t + 3*g - 50 = 4*g, t + 5*g - 6 = 0. Suppose -d = -0*d - t. List the prime factors of d.
2
Suppose -4*t = 4*p + 96, p + 7*t + 32 = 4*t. Let u = p - -33. Suppose 0 = 2*n + 2, -5*n - 6 - u = -2*d. What are the prime factors of d?
7
Suppose 0 = -4*n - 9 - 99. Let p = 66 - n. List the prime factors of p.
3, 31
Let u(o) = 31*o**2 + 10*o + 8. What are the prime factors of u(-4)?
2, 29
Let i(w) = -w**3 - 5*w**2 - 2*w - 6. Let v be i(-5). Suppose -48 = -v*f + 4*h, 4*h = 5*f - 64 - 1. Suppose -5*j + f - 2 = 0. What are the prime factors of j?
3
Let q(o) = -57*o - 102. What are the prime factors of q(-22)?
2, 3
Let k(o) = -2*o**3 - 7*o**2 + 13*o + 13. Let u be k(-10). Suppose 5*g - 967 = -2*p, 4*g = -p + u - 407. Suppose -g = 4*s - 9*s. What are the prime factors of s?
3, 13
Let p be (-3 - -2)*3*-1. Suppose p*m = 6*m - 12. List the prime factors of m.
2
Suppose -919 = -2*g - 6*a + 5*a, 5*g - 2299 = -4*a. List the prime factors of g.
3, 17
Let i = -211 - -307. Suppose -i = -3*x - 3. What are the prime factors of x?
31
Let j(y) = y - y + 7 - 2*y - 2. Let f be j(0). Suppose -28 = -h - 2*s, 4*h + f*s - 40 = 3*h. What are the prime factors of h?
2, 5
Suppose 2*q - 2 = 2. Suppose -r = -q - 1. Suppose 18 - r = 5*w. What are the prime factors of w?
3
What are the prime factors of 440/6*36/16?
3, 5, 11
Let f(n) = n**2 + n + 12. Let t = 19 - 3. Let m be (-3)/(-2*(-4)/t). List the prime factors of f(m).
2, 3, 7
Let u(j) = -2*j - 3. Let z be u(-3). Suppose b + 3*f = 5, -z*b - 3*f = 2*f - 11. What are the prime factors of b?
2
Let t = -2 + -45. Let w = t - -134. What are the prime factors of w?
3, 29
Let q be 38 + 5 + -2 + -2. Let b = 20 + q. Let p = b - 35. What are the prime factors of p?
2, 3
Let s(a) = 16*a**2 - 1. Let q(r) = -r**3 + 3*r**2 - 1. Let d be q(3). Let f be s(d). Let l(j) = j + 4. What are the prime factors of l(f)?
19
Let v(f) = f**3 - 5*f**2 + 4*f - 5. Let z be v(5). Suppose -j - a + z = 4*a, -3*a = -9. Suppose 2*d = -j*d + 28. List the prime factors of d.
2, 7
Let i = 1 + 10. Suppose 5*m + 1 - i = 0. Suppose -5*o = -4*y - 9, m*o - 28 = -2*y - 2*o. List the prime factors of y.
2
Let y = 13 + -8. Suppose 0 = -s - b + 6 + 2, 4*b = y*s - 22. Suppose 0 = 2*i - 42 + s. What are the prime factors of i?
2, 3
Let w(z) = 2*z + 1. Let g be w(1). Let r(f) = -4 - 4 + 9*f + 2*f + 9. What are the prime factors of r(g)?
2, 17
Let g = 213 - 305. What are the prime factors of 1/(4/g*1/(-4))?
2, 23
Let d(c) = -2*c - 3. Let k be d(-4). Suppose -3*u - 2*p + 4 = -6*p, 4*p = k*u - 20. Suppose -u + 23 = 5*w. What are the prime factors of w?
3
Suppose 128 - 1776 = -4*h. What are the prime factors of h?
2, 103
Let i(w) = -w**2 - 25*w - 102. Let n be i(-21). Suppose d = -k + 22, -2*k + 18 = -d - 26. Let a = n + k. List the prime factors of a.
2
Suppose -17*p + 21*p - 16 = 0. Suppose -4*d + 0*d - 20 =